ainder when z(0) is divided by (-1 - 1) + (-3 - -21).
12
Suppose t - i + 8 = -0*t, 2*t + 5*i + 44 = 0. Let s = 10 + t. Let r = s + 12. Calculate the remainder when 17 is divided by r.
7
Suppose -5*g = 2*z + 11, -z + 6*z + 5 = -5*g. Suppose -20 = z*n - 6*n. Calculate the remainder when 12 is divided by n.
2
Let c(j) = -j**3 - 7*j**2 + 6*j + 7. Let g be c(-7). Let f = -3 - g. What is the remainder when f is divided by 17?
15
Let u be 4/10 + (-138)/(-30). Suppose u*f + 55 - 175 = 0. Suppose 4*l - 28 = f. What is the remainder when 21 is divided by l?
8
Let n(t) = -5*t - 2. Let x be ((-4)/(-10))/(-2 - -1)*10. Calculate the remainder when 26 is divided by n(x).
8
What is the remainder when 290 is divided by 71 + (-3)/(45/(-12) + 3)?
65
Let h be (-384)/(-10) + (110/(-25) - -5). Suppose p + 2*p = 3*v - h, -5*v = p - 95. What is the remainder when 87 is divided by v?
15
Suppose 3*h = 50 - 8. Suppose -p + 3 = -17. Suppose -16 = -2*k - 2*d + 4, -4*d + p = 0. What is the remainder when h is divided by k?
4
Let l = 121 + -101. Let o = l + 4. What is the remainder when o is divided by 9?
6
Let i(y) be the third derivative of y**5/60 - y**4/12 - 17*y**3/6 + 2*y**2. Suppose 14*u - 11*u - 27 = 0. Calculate the remainder when i(u) is divided by 8.
6
Let l be 131*(-4 - -4 - (-3 - -1)). Let f = -3 - 1. Calculate the remainder when 94 is divided by f/(-22) + l/11.
22
Suppose 9*g = 6*g + 9. Let h(c) = c + 6 + 0*c**3 + 4*c**3 + 9*c + 11*c**2 - g*c**3. Calculate the remainder when 9 is divided by h(-10).
3
Suppose 12*x + 20 = 8276. Calculate the remainder when x is divided by 99.
94
Let z = -1744 + 1831. Calculate the remainder when 1737 is divided by z.
84
Suppose -o - 54 = 3*p, 14 = 2*p + 5*o + 63. Let g = p + 29. Calculate the remainder when 57 is divided by g.
9
Let y be 3 + 5 + 2/(-2). Let d = y + -2. Suppose 0*m = d*m - 5. Calculate the remainder when m is divided by 1.
0
Let v be 6/(10/65 - 0). Let o = v + -11. What is the remainder when 82 is divided by o?
26
Let s(m) = -m**2 - 1. Let l(b) = 4*b**3 + 2*b**2 + b + 2. Let i(q) = -l(q) + 2*s(q). Calculate the remainder when i(-3) is divided by 48/(-30)*15/(-2).
11
Let z(i) = -2*i**3 - 43*i**2 - 25*i - 70. Suppose -v + 4*v = 81. What is the remainder when v is divided by z(-21)?
13
Let i = -252 + 544. Calculate the remainder when i is divided by 21.
19
Let d(m) = 5*m**2 - 5*m + 9. What is the remainder when d(3) is divided by 195/9 + 4/(-6)?
18
Let k = 374 + -193. Calculate the remainder when k is divided by 55.
16
Let i be (-2)/10 - (-104)/20. Suppose i*k - 22 + 2 = 0. Suppose -2*q - 11 = -t + 17, -t - 4*q + k = 0. What is the remainder when 57 is divided by t?
17
Let x(m) = -3 - 7*m + 2*m + 2*m + m. Calculate the remainder when 34 is divided by x(-6).
7
Let s = 468 - 280. Calculate the remainder when s is divided by 63.
62
Let n = 479 + -281. What is the remainder when n is divided by 40?
38
Suppose -v + 0*v = -304. Calculate the remainder when v is divided by 17.
15
Let b(g) = -12*g - 1. Let v(p) = p**3 - 13*p**2 + 2. Let d be v(13). Suppose 0 = d*c + 18 - 82. Calculate the remainder when c is divided by b(-1).
10
Suppose -3*f + 25 = h + 2, 127 = 5*h + 3*f. Calculate the remainder when 39 is divided by h.
13
Let v be (422/3)/((-4)/(-6)). Let q = v - 105. Let w = q - -20. What is the remainder when w is divided by 32?
30
Let z(x) = -5*x + 1. Suppose 0 = -3*q + 5*j + 33 + 10, -j + 20 = 2*q. Calculate the remainder when q is divided by z(-1).
5
Suppose -2*f = 2*q + 4, -5*q + 4 = -10*q - 2*f. Suppose 2*h - 5 = 5*r, 4*r + 4 = 3*h - q*h. What is the remainder when 0/r + 40/2 is divided by 7?
6
Suppose -q + m + 408 = 0, -309 = -q - 5*m + 99. Suppose 0 = 2*p + 2*p - q. Calculate the remainder when p is divided by 36.
30
Let x = 173 - 103. Calculate the remainder when 1/2*(x + 4) is divided by 10.
7
Let k(b) = -5*b + 4. What is the remainder when 243 is divided by k(-3)?
15
Let g = -202 - -234. Calculate the remainder when g is divided by 13.
6
Let r = -15 - -30. Suppose 7*t + 4*n - 8 = 11*t, -2*t + 1 = -n. Suppose t*i - r = 30. What is the remainder when 43 is divided by i?
13
Suppose 4 = 4*t + 12. Let d be ((-1)/t)/(4/144). What is the remainder when 411/d - (-1)/6 is divided by 6?
5
Let p = -50 + 113. Suppose 4*h - 12 + 69 = 5*g, -3*g + p = -4*h. Let a = h - -27. What is the remainder when 17 is divided by a?
8
Suppose 2*v + 4*g + 48 = 302, -635 = -5*v + 5*g. Calculate the remainder when v is divided by 47.
33
Suppose -2*n + 32 = -3*q + 3, 4*n - 33 = q. Suppose 4*k - 3 = n*k. Let x = k + 3. Calculate the remainder when 5 is divided by x.
1
Suppose 2*b = -0*b + 100. Suppose -b = 4*q - 6*q. Let o = 4 + q. Calculate the remainder when o is divided by 16.
13
Let p be (1/(-3))/(2/(-54)). Let o be 12/(-2)*p/(-18). Suppose -3*g - 14 - 28 = -3*v, 2*g = -o*v + 32. Calculate the remainder when v is divided by 3.
0
Let g(i) = -i**3 - 4*i**2 + 5*i. Let w be g(-5). Suppose w - 35 = -5*t. Suppose s - 22 = -s - 2*m, -s - 4*m = -5. What is the remainder when s is divided by t?
6
Suppose 5*p - 137 - 18 = 0. What is the remainder when 87 is divided by p?
25
Let v be 8496/(-32)*-2*1/3. Let p = v - 97. What is the remainder when p is divided by 24?
8
Suppose -2*y + 5*b = -11, 4*y + 3*b + 23 = -2*b. Let v(c) = -40*c. Let a be v(y). Let r = a - 57. Calculate the remainder when 43 is divided by r.
20
Let n = 14 - -70. What is the remainder when n is divided by 17?
16
Calculate the remainder when 328 is divided by (-820)/16*160/(-100).
0
Let g = 1681 - -1013. Calculate the remainder when g is divided by 7.
6
Suppose 0 = -4*m + 9 + 3. Suppose -m*v + 2 = -v, -2*v = -2*u + 20. Calculate the remainder when 39 is divided by u.
6
Suppose 0 = 2*l - 6 - 24. Calculate the remainder when 28 is divided by l.
13
Let p(v) = 2*v**3 + 2*v**2 + v - 2. Suppose -11*d + 2*d = -9. Calculate the remainder when -1 + (2/(-1) - -14) is divided by p(d).
2
What is the remainder when 113 is divided by (44/(-6))/(-1 + (-117)/(-135))?
3
Calculate the remainder when 43 is divided by (-10)/(-8) + 94/8.
4
Suppose 4*c + 2*j - 12 = 2*c, 0 = -3*c - 5*j + 14. Let h = 16 - c. Calculate the remainder when (-4 + 2*-1)*-5 is divided by h.
6
What is the remainder when 172 is divided by (-441)/(-7)*(-5 - (-228)/42)?
10
Let s = -285 + 337. Suppose 4*h + 4*z - 11 = 77, -5*z = -2*h + 23. What is the remainder when s is divided by h?
14
Let j = 87 + -16. Calculate the remainder when 215 is divided by j.
2
Let j(x) = -10*x**3 - 2*x**2 - x + 1. Let n be -9*1/(-6) + 10/(-4). What is the remainder when 49 is divided by j(n)?
9
Suppose q + 126 = 4*q. Let o = q + 20. Calculate the remainder when o is divided by 22.
18
Suppose z - u + 11 = 3*u, 2*z = 3*u - 2. Let h = -26 - -29. Suppose -4*x = m + 14, 4*m + 4*x + h = -5. Calculate the remainder when z is divided by m.
1
Let o(b) = -105*b**3 - 4*b**2 - 6*b - 1. What is the remainder when o(-1) is divided by 52?
2
Suppose -2778 = -7*q - 3*c, 400 = q - 3*c + 5*c. What is the remainder when q is divided by 132?
0
Let z = -62 - -39. Let u = 26 - z. What is the remainder when u is divided by 27?
22
Let c = 73 + -17. What is the remainder when c is divided by 12?
8
Let a(k) = k + 20. Calculate the remainder when 62 is divided by a(-9).
7
Let l = 58 + -17. What is the remainder when 80 is divided by l?
39
Let g(t) = 9*t**2 + 13*t - 15. What is the remainder when 316 is divided by g(2)?
34
Let g be (52/10)/((-7)/(-70)). Let t = 89 - g. Let s = t - 22. What is the remainder when 29 is divided by s?
14
Let f = -19 + 90. Let p = -41 + f. What is the remainder when p is divided by 11?
8
Let j = -401 + 458. Calculate the remainder when j is divided by 35.
22
Let a(d) = -d**3 + 6*d**2 + 11*d - 9. Suppose 4*w - 20 = -0*w, 5*j - 60 = -5*w. Let m be a(j). Let q = -15 + m. Calculate the remainder when q is divided by 2.
0
Let j(q) = q**3 - 6*q**2 - 4*q + 3. Let b be j(6). Suppose 9*i = 4*i + 145. Let a = b + i. Calculate the remainder when 31 is divided by a.
7
Suppose -26*q = -1781 - 8567. Calculate the remainder when q is divided by 21.
20
Suppose 0 = -2*j + 9 - 11, 2*j = 4*h - 414. What is the remainder when 823 is divided by h?
102
Suppose 5*y - 5*m = 40, 10*m - 7*m = -5*y + 16. Calculate the remainder when 38 is divided by y.
3
Let s(f) = f**2 - 37*f